{"id":14893,"date":"2025-09-15T17:21:38","date_gmt":"2025-09-15T15:21:38","guid":{"rendered":"https:\/\/tiendadeproductosdelimpieza.com\/?post_type=product&#038;p=14893"},"modified":"2025-09-15T17:21:38","modified_gmt":"2025-09-15T15:21:38","slug":"limpiador-cif-crema","status":"publish","type":"product","link":"https:\/\/tiendadeproductosdelimpieza.com\/index.php\/producto\/limpiador-cif-crema\/","title":{"rendered":"LIMPIADOR CIF CREMA"},"content":{"rendered":"<p data-start=\"226\" data-end=\"533\"><strong data-start=\"226\" data-end=\"239\">Cif Crema<\/strong> es el limpiador multiusos que combina <strong data-start=\"278\" data-end=\"299\">poder de limpieza<\/strong> con <strong data-start=\"304\" data-end=\"316\">suavidad<\/strong>, ideal para eliminar la suciedad m\u00e1s dif\u00edcil sin rayar tus superficies. Su f\u00f3rmula con micropart\u00edculas act\u00faa eficazmente sobre grasa, manchas incrustadas y restos de cal, dejando tus espacios impecables y brillantes.<\/p>\n<p data-start=\"535\" data-end=\"557\">Perfecto para usar en:<\/p>\n<ul data-start=\"559\" data-end=\"775\">\n<li data-start=\"559\" data-end=\"621\">\n<p data-start=\"561\" data-end=\"621\">Cocinas: limpia hornillas, mesadas, fregaderos y azulejos.<\/p>\n<\/li>\n<li data-start=\"622\" data-end=\"697\">\n<p data-start=\"624\" data-end=\"697\">Ba\u00f1os: elimina sarro y manchas de jab\u00f3n de lavabos, grifer\u00eda y ba\u00f1eras.<\/p>\n<\/li>\n<li data-start=\"698\" data-end=\"775\">\n<p data-start=\"700\" data-end=\"775\">Superficies delicadas: como acero inoxidable, cer\u00e1mica, esmalte y pl\u00e1stico.<\/p>\n<\/li>\n<\/ul>\n<p data-start=\"777\" data-end=\"804\"><strong data-start=\"777\" data-end=\"804\">Beneficios principales:<\/strong><\/p>\n<ul data-start=\"806\" data-end=\"1017\">\n<li data-start=\"806\" data-end=\"842\">\n<p data-start=\"808\" data-end=\"842\"><strong data-start=\"808\" data-end=\"829\">Limpieza profunda<\/strong> sin rayar.<\/p>\n<\/li>\n<li data-start=\"843\" data-end=\"889\">\n<p data-start=\"845\" data-end=\"889\"><strong data-start=\"845\" data-end=\"866\">F\u00e1cil de enjuagar<\/strong>, sin dejar residuos.<\/p>\n<\/li>\n<li data-start=\"890\" data-end=\"955\">\n<p data-start=\"892\" data-end=\"955\"><strong data-start=\"892\" data-end=\"908\">Aroma fresco<\/strong> que deja una sensaci\u00f3n de limpieza duradera.<\/p>\n<\/li>\n<li data-start=\"956\" data-end=\"1017\">\n<p data-start=\"958\" data-end=\"1017\"><strong data-start=\"958\" data-end=\"971\">Rinde m\u00e1s<\/strong>: con poca cantidad logras grandes resultados.<\/p>\n<\/li>\n<\/ul>\n<p data-start=\"1019\" data-end=\"1126\">Con <strong data-start=\"1023\" data-end=\"1036\">Cif Crema<\/strong>, cada rinc\u00f3n de tu hogar luce como nuevo. Porque la limpieza no solo se nota, \u00a1se siente!<\/p>\n","protected":false},"excerpt":{"rendered":"<p data-start=\"226\" data-end=\"533\"><strong data-start=\"226\" data-end=\"239\">Cif Crema<\/strong> es el limpiador multiusos que combina <strong data-start=\"278\" data-end=\"299\">poder de limpieza<\/strong> con <strong data-start=\"304\" data-end=\"316\">suavidad<\/strong>, ideal para eliminar la suciedad m\u00e1s dif\u00edcil sin rayar tus superficies. Su f\u00f3rmula con micropart\u00edculas act\u00faa eficazmente sobre grasa, manchas incrustadas y restos de cal, dejando tus espacios impecables y brillantes.<\/p>\n","protected":false},"featured_media":14842,"comment_status":"open","ping_status":"closed","template":"","meta":{"_tbt_post_transparent":"default","_tbt_post_title":"","_tbt_post_layout":"default","_tbt_post_sidebar_id":"","_tbt_post_content_style":"default","_tbt_post_vertical_padding":"default","_tbt_post_feature":"","_tbt_post_feature_position":"","_tbt_post_header":false,"_tbt_post_footer":false},"product_brand":[],"product_cat":[235],"product_tag":[],"class_list":{"0":"post-14893","1":"product","2":"type-product","3":"status-publish","4":"has-post-thumbnail","6":"product_cat-productos-para-el-hogar-2","8":"first","9":"instock","10":"taxable","11":"shipping-taxable","12":"purchasable","13":"product-type-simple","14":"entry","15":"content-bg","16":"loop-entry"},"yoast_head":"<!-- This site is optimized with the Yoast SEO plugin v27.5 - https:\/\/yoast.com\/product\/yoast-seo-wordpress\/ -->\n<title>LIMPIADOR CIF CREMA - Punto Limpio<\/title>\n<meta name=\"description\" content=\"Cif Crema es el limpiador multiusos que combina poder de limpieza con suavidad, ideal para eliminar la suciedad m\u00e1s dif\u00edcil sin rayar tus superficies.\" \/>\n<meta name=\"robots\" content=\"index, follow, max-snippet:-1, max-image-preview:large, max-video-preview:-1\" \/>\n<link rel=\"canonical\" href=\"https:\/\/tiendadeproductosdelimpieza.com\/index.php\/producto\/limpiador-cif-crema\/\" \/>\n<meta property=\"og:locale\" content=\"es_ES\" \/>\n<meta property=\"og:type\" content=\"article\" \/>\n<meta property=\"og:title\" content=\"LIMPIADOR CIF CREMA - Punto Limpio\" \/>\n<meta property=\"og:description\" content=\"Cif Crema es el limpiador multiusos que combina poder de limpieza con suavidad, ideal para eliminar la suciedad m\u00e1s dif\u00edcil sin rayar tus superficies.\" \/>\n<meta property=\"og:url\" content=\"https:\/\/tiendadeproductosdelimpieza.com\/index.php\/producto\/limpiador-cif-crema\/\" \/>\n<meta property=\"og:site_name\" content=\"Punto Limpio\" \/>\n<meta property=\"article:publisher\" content=\"https:\/\/www.facebook.com\/puntolimpiotienda\/?locale=es_ES\" \/>\n<meta property=\"og:image\" content=\"https:\/\/tiendadeproductosdelimpieza.com\/wp-content\/uploads\/2025\/07\/image00017.png\" \/>\n\t<meta property=\"og:image:width\" content=\"2048\" \/>\n\t<meta property=\"og:image:height\" content=\"2048\" \/>\n\t<meta property=\"og:image:type\" content=\"image\/png\" \/>\n<meta name=\"twitter:card\" content=\"summary_large_image\" \/>\n<meta name=\"twitter:label1\" content=\"Tiempo de lectura\" \/>\n\t<meta name=\"twitter:data1\" content=\"1 minuto\" \/>\n<script type=\"application\/ld+json\" class=\"yoast-schema-graph\">{\"@context\":\"https:\\\/\\\/schema.org\",\"@graph\":[{\"@type\":\"WebPage\",\"@id\":\"https:\\\/\\\/tiendadeproductosdelimpieza.com\\\/index.php\\\/producto\\\/limpiador-cif-crema\\\/\",\"url\":\"https:\\\/\\\/tiendadeproductosdelimpieza.com\\\/index.php\\\/producto\\\/limpiador-cif-crema\\\/\",\"name\":\"LIMPIADOR CIF CREMA - Punto Limpio\",\"isPartOf\":{\"@id\":\"https:\\\/\\\/tiendadeproductosdelimpieza.com\\\/#website\"},\"primaryImageOfPage\":{\"@id\":\"https:\\\/\\\/tiendadeproductosdelimpieza.com\\\/index.php\\\/producto\\\/limpiador-cif-crema\\\/#primaryimage\"},\"image\":{\"@id\":\"https:\\\/\\\/tiendadeproductosdelimpieza.com\\\/index.php\\\/producto\\\/limpiador-cif-crema\\\/#primaryimage\"},\"thumbnailUrl\":\"https:\\\/\\\/tiendadeproductosdelimpieza.com\\\/wp-content\\\/uploads\\\/2025\\\/07\\\/image00017.png\",\"datePublished\":\"2025-09-15T15:21:38+00:00\",\"description\":\"Cif Crema es el limpiador multiusos que combina poder de limpieza con suavidad, ideal para eliminar la suciedad m\u00e1s dif\u00edcil sin rayar tus superficies.\",\"breadcrumb\":{\"@id\":\"https:\\\/\\\/tiendadeproductosdelimpieza.com\\\/index.php\\\/producto\\\/limpiador-cif-crema\\\/#breadcrumb\"},\"inLanguage\":\"es\",\"potentialAction\":[{\"@type\":\"ReadAction\",\"target\":[\"https:\\\/\\\/tiendadeproductosdelimpieza.com\\\/index.php\\\/producto\\\/limpiador-cif-crema\\\/\"]}]},{\"@type\":\"ImageObject\",\"inLanguage\":\"es\",\"@id\":\"https:\\\/\\\/tiendadeproductosdelimpieza.com\\\/index.php\\\/producto\\\/limpiador-cif-crema\\\/#primaryimage\",\"url\":\"https:\\\/\\\/tiendadeproductosdelimpieza.com\\\/wp-content\\\/uploads\\\/2025\\\/07\\\/image00017.png\",\"contentUrl\":\"https:\\\/\\\/tiendadeproductosdelimpieza.com\\\/wp-content\\\/uploads\\\/2025\\\/07\\\/image00017.png\",\"width\":2048,\"height\":2048},{\"@type\":\"BreadcrumbList\",\"@id\":\"https:\\\/\\\/tiendadeproductosdelimpieza.com\\\/index.php\\\/producto\\\/limpiador-cif-crema\\\/#breadcrumb\",\"itemListElement\":[{\"@type\":\"ListItem\",\"position\":1,\"name\":\"Portada\",\"item\":\"https:\\\/\\\/tiendadeproductosdelimpieza.com\\\/\"},{\"@type\":\"ListItem\",\"position\":2,\"name\":\"Tienda\",\"item\":\"https:\\\/\\\/tiendadeproductosdelimpieza.com\\\/index.php\\\/tienda\\\/\"},{\"@type\":\"ListItem\",\"position\":3,\"name\":\"LIMPIADOR CIF CREMA\"}]},{\"@type\":\"WebSite\",\"@id\":\"https:\\\/\\\/tiendadeproductosdelimpieza.com\\\/#website\",\"url\":\"https:\\\/\\\/tiendadeproductosdelimpieza.com\\\/\",\"name\":\"Tienda de productos de limpieza\",\"description\":\"Punto Limpio SL\",\"publisher\":{\"@id\":\"https:\\\/\\\/tiendadeproductosdelimpieza.com\\\/#organization\"},\"alternateName\":\"Punto Limpio SL\",\"potentialAction\":[{\"@type\":\"SearchAction\",\"target\":{\"@type\":\"EntryPoint\",\"urlTemplate\":\"https:\\\/\\\/tiendadeproductosdelimpieza.com\\\/?s={search_term_string}\"},\"query-input\":{\"@type\":\"PropertyValueSpecification\",\"valueRequired\":true,\"valueName\":\"search_term_string\"}}],\"inLanguage\":\"es\"},{\"@type\":\"Organization\",\"@id\":\"https:\\\/\\\/tiendadeproductosdelimpieza.com\\\/#organization\",\"name\":\"Tienda de productos de limpieza\",\"alternateName\":\"Punto Limpio SL\",\"url\":\"https:\\\/\\\/tiendadeproductosdelimpieza.com\\\/\",\"logo\":{\"@type\":\"ImageObject\",\"inLanguage\":\"es\",\"@id\":\"https:\\\/\\\/tiendadeproductosdelimpieza.com\\\/#\\\/schema\\\/logo\\\/image\\\/\",\"url\":\"https:\\\/\\\/tiendadeproductosdelimpieza.com\\\/wp-content\\\/uploads\\\/2024\\\/05\\\/cropped-Letras-PL-1.png\",\"contentUrl\":\"https:\\\/\\\/tiendadeproductosdelimpieza.com\\\/wp-content\\\/uploads\\\/2024\\\/05\\\/cropped-Letras-PL-1.png\",\"width\":512,\"height\":512,\"caption\":\"Tienda de productos de limpieza\"},\"image\":{\"@id\":\"https:\\\/\\\/tiendadeproductosdelimpieza.com\\\/#\\\/schema\\\/logo\\\/image\\\/\"},\"sameAs\":[\"https:\\\/\\\/www.facebook.com\\\/puntolimpiotienda\\\/?locale=es_ES\",\"https:\\\/\\\/www.instagram.com\\\/punto.limpio\\\/\"]}]}<\/script>\n<!-- \/ Yoast SEO plugin. -->","yoast_head_json":{"title":"LIMPIADOR CIF CREMA - Punto Limpio","description":"Cif Crema es el limpiador multiusos que combina poder de limpieza con suavidad, ideal para eliminar la suciedad m\u00e1s dif\u00edcil sin rayar tus superficies.","robots":{"index":"index","follow":"follow","max-snippet":"max-snippet:-1","max-image-preview":"max-image-preview:large","max-video-preview":"max-video-preview:-1"},"canonical":"https:\/\/tiendadeproductosdelimpieza.com\/index.php\/producto\/limpiador-cif-crema\/","og_locale":"es_ES","og_type":"article","og_title":"LIMPIADOR CIF CREMA - Punto Limpio","og_description":"Cif Crema es el limpiador multiusos que combina poder de limpieza con suavidad, ideal para eliminar la suciedad m\u00e1s dif\u00edcil sin rayar tus superficies.","og_url":"https:\/\/tiendadeproductosdelimpieza.com\/index.php\/producto\/limpiador-cif-crema\/","og_site_name":"Punto Limpio","article_publisher":"https:\/\/www.facebook.com\/puntolimpiotienda\/?locale=es_ES","og_image":[{"width":2048,"height":2048,"url":"https:\/\/tiendadeproductosdelimpieza.com\/wp-content\/uploads\/2025\/07\/image00017.png","type":"image\/png"}],"twitter_card":"summary_large_image","twitter_misc":{"Tiempo de lectura":"1 minuto"},"schema":{"@context":"https:\/\/schema.org","@graph":[{"@type":"WebPage","@id":"https:\/\/tiendadeproductosdelimpieza.com\/index.php\/producto\/limpiador-cif-crema\/","url":"https:\/\/tiendadeproductosdelimpieza.com\/index.php\/producto\/limpiador-cif-crema\/","name":"LIMPIADOR CIF CREMA - Punto Limpio","isPartOf":{"@id":"https:\/\/tiendadeproductosdelimpieza.com\/#website"},"primaryImageOfPage":{"@id":"https:\/\/tiendadeproductosdelimpieza.com\/index.php\/producto\/limpiador-cif-crema\/#primaryimage"},"image":{"@id":"https:\/\/tiendadeproductosdelimpieza.com\/index.php\/producto\/limpiador-cif-crema\/#primaryimage"},"thumbnailUrl":"https:\/\/tiendadeproductosdelimpieza.com\/wp-content\/uploads\/2025\/07\/image00017.png","datePublished":"2025-09-15T15:21:38+00:00","description":"Cif Crema es el limpiador multiusos que combina poder de limpieza con suavidad, ideal para eliminar la suciedad m\u00e1s dif\u00edcil sin rayar tus superficies.","breadcrumb":{"@id":"https:\/\/tiendadeproductosdelimpieza.com\/index.php\/producto\/limpiador-cif-crema\/#breadcrumb"},"inLanguage":"es","potentialAction":[{"@type":"ReadAction","target":["https:\/\/tiendadeproductosdelimpieza.com\/index.php\/producto\/limpiador-cif-crema\/"]}]},{"@type":"ImageObject","inLanguage":"es","@id":"https:\/\/tiendadeproductosdelimpieza.com\/index.php\/producto\/limpiador-cif-crema\/#primaryimage","url":"https:\/\/tiendadeproductosdelimpieza.com\/wp-content\/uploads\/2025\/07\/image00017.png","contentUrl":"https:\/\/tiendadeproductosdelimpieza.com\/wp-content\/uploads\/2025\/07\/image00017.png","width":2048,"height":2048},{"@type":"BreadcrumbList","@id":"https:\/\/tiendadeproductosdelimpieza.com\/index.php\/producto\/limpiador-cif-crema\/#breadcrumb","itemListElement":[{"@type":"ListItem","position":1,"name":"Portada","item":"https:\/\/tiendadeproductosdelimpieza.com\/"},{"@type":"ListItem","position":2,"name":"Tienda","item":"https:\/\/tiendadeproductosdelimpieza.com\/index.php\/tienda\/"},{"@type":"ListItem","position":3,"name":"LIMPIADOR CIF CREMA"}]},{"@type":"WebSite","@id":"https:\/\/tiendadeproductosdelimpieza.com\/#website","url":"https:\/\/tiendadeproductosdelimpieza.com\/","name":"Tienda de productos de limpieza","description":"Punto Limpio SL","publisher":{"@id":"https:\/\/tiendadeproductosdelimpieza.com\/#organization"},"alternateName":"Punto Limpio SL","potentialAction":[{"@type":"SearchAction","target":{"@type":"EntryPoint","urlTemplate":"https:\/\/tiendadeproductosdelimpieza.com\/?s={search_term_string}"},"query-input":{"@type":"PropertyValueSpecification","valueRequired":true,"valueName":"search_term_string"}}],"inLanguage":"es"},{"@type":"Organization","@id":"https:\/\/tiendadeproductosdelimpieza.com\/#organization","name":"Tienda de productos de limpieza","alternateName":"Punto Limpio SL","url":"https:\/\/tiendadeproductosdelimpieza.com\/","logo":{"@type":"ImageObject","inLanguage":"es","@id":"https:\/\/tiendadeproductosdelimpieza.com\/#\/schema\/logo\/image\/","url":"https:\/\/tiendadeproductosdelimpieza.com\/wp-content\/uploads\/2024\/05\/cropped-Letras-PL-1.png","contentUrl":"https:\/\/tiendadeproductosdelimpieza.com\/wp-content\/uploads\/2024\/05\/cropped-Letras-PL-1.png","width":512,"height":512,"caption":"Tienda de productos de limpieza"},"image":{"@id":"https:\/\/tiendadeproductosdelimpieza.com\/#\/schema\/logo\/image\/"},"sameAs":["https:\/\/www.facebook.com\/puntolimpiotienda\/?locale=es_ES","https:\/\/www.instagram.com\/punto.limpio\/"]}]}},"_links":{"self":[{"href":"https:\/\/tiendadeproductosdelimpieza.com\/index.php\/wp-json\/wp\/v2\/product\/14893","targetHints":{"allow":["GET"]}}],"collection":[{"href":"https:\/\/tiendadeproductosdelimpieza.com\/index.php\/wp-json\/wp\/v2\/product"}],"about":[{"href":"https:\/\/tiendadeproductosdelimpieza.com\/index.php\/wp-json\/wp\/v2\/types\/product"}],"replies":[{"embeddable":true,"href":"https:\/\/tiendadeproductosdelimpieza.com\/index.php\/wp-json\/wp\/v2\/comments?post=14893"}],"wp:featuredmedia":[{"embeddable":true,"href":"https:\/\/tiendadeproductosdelimpieza.com\/index.php\/wp-json\/wp\/v2\/media\/14842"}],"wp:attachment":[{"href":"https:\/\/tiendadeproductosdelimpieza.com\/index.php\/wp-json\/wp\/v2\/media?parent=14893"}],"wp:term":[{"taxonomy":"product_brand","embeddable":true,"href":"https:\/\/tiendadeproductosdelimpieza.com\/index.php\/wp-json\/wp\/v2\/product_brand?post=14893"},{"taxonomy":"product_cat","embeddable":true,"href":"https:\/\/tiendadeproductosdelimpieza.com\/index.php\/wp-json\/wp\/v2\/product_cat?post=14893"},{"taxonomy":"product_tag","embeddable":true,"href":"https:\/\/tiendadeproductosdelimpieza.com\/index.php\/wp-json\/wp\/v2\/product_tag?post=14893"}],"curies":[{"name":"wp","href":"https:\/\/api.w.org\/{rel}","templated":true}]}}